f 87904390?
8
What is the tens digit of 76764845?
4
What is the tens digit of 1395587121?
2
What is the ten thousands digit of 72500245?
0
What is the tens digit of 5054390653?
5
What is the millions digit of 402361771?
2
What is the hundreds digit of 6228218867?
8
What is the millions digit of 600788672?
0
What is the units digit of 72011009?
9
What is the ten millions digit of 351377147?
5
What is the tens digit of 54319264?
6
What is the ten thousands digit of 105372541?
7
What is the hundreds digit of 283159661?
6
What is the millions digit of 464887518?
4
What is the units digit of 89177698?
8
What is the hundred thousands digit of 887735907?
7
What is the thousands digit of 657219020?
9
What is the units digit of 7428611327?
7
What is the hundred thousands digit of 566684569?
6
What is the billions digit of 3329269683?
3
What is the ten thousands digit of 222542808?
4
What is the millions digit of 376874336?
6
What is the tens digit of 3622971?
7
What is the hundred thousands digit of 51922155?
9
What is the hundred millions digit of 435748481?
4
What is the millions digit of 12766352?
2
What is the ten millions digit of 1478538486?
7
What is the hundred thousands digit of 177995529?
9
What is the ten thousands digit of 13122871?
2
What is the ten thousands digit of 344971957?
7
What is the units digit of 41758408?
8
What is the hundred millions digit of 181806297?
1
What is the units digit of 830315625?
5
What is the hundreds digit of 61262996?
9
What is the millions digit of 41570157?
1
What is the ten thousands digit of 68989367?
8
What is the ten millions digit of 736652108?
3
What is the hundred millions digit of 1157222030?
1
What is the millions digit of 5316031779?
6
What is the ten thousands digit of 124253362?
5
What is the thousands digit of 46279296?
9
What is the millions digit of 56144573?
6
What is the hundred thousands digit of 5098281247?
2
What is the millions digit of 518113355?
8
What is the millions digit of 908831807?
8
What is the tens digit of 4730340719?
1
What is the millions digit of 5263169?
5
What is the millions digit of 177686331?
7
What is the hundreds digit of 454656451?
4
What is the ten thousands digit of 668363236?
6
What is the ten millions digit of 63622111?
6
What is the ten thousands digit of 262348691?
4
What is the hundred millions digit of 2846452412?
8
What is the ten millions digit of 16042562?
1
What is the millions digit of 1006200064?
6
What is the ten millions digit of 48924048?
4
What is the ten thousands digit of 37031418?
3
What is the hundred thousands digit of 357233613?
2
What is the millions digit of 69105250?
9
What is the ten millions digit of 12880207?
1
What is the tens digit of 4312929498?
9
What is the units digit of 2209267898?
8
What is the millions digit of 48800807?
8
What is the hundred thousands digit of 44303410?
3
What is the hundred thousands digit of 438466638?
4
What is the ten thousands digit of 120277141?
7
What is the ten thousands digit of 5435813757?
1
What is the hundreds digit of 1302238324?
3
What is the hundred millions digit of 1367372581?
3
What is the tens digit of 902749216?
1
What is the tens digit of 289952071?
7
What is the ten millions digit of 10865181?
1
What is the ten thousands digit of 5142806?
4
What is the ten thousands digit of 24602204?
0
What is the hundred millions digit of 1176115838?
1
What is the units digit of 58129622?
2
What is the hundred millions digit of 165847802?
1
What is the tens digit of 382555464?
6
What is the thousands digit of 101409092?
9
What is the hundreds digit of 249095361?
3
What is the ten thousands digit of 486882858?
8
What is the tens digit of 210651888?
8
What is the ten thousands digit of 677773597?
7
What is the hundred millions digit of 3976119440?
9
What is the ten thousands digit of 57034406?
3
What is the thousands digit of 82413714?
3
What is the hundred thousands digit of 310401562?
4
What is the ten millions digit of 20684354?
2
What is the thousands digit of 237755586?
5
What is the thousands digit of 2548240?
8
What is the hundred thousands digit of 774778405?
7
What is the units digit of 32706615?
5
What is the ten thousands digit of 431326379?
2
What is the thousands digit of 23821014?
1
What is the ten millions digit of 13796262?
1
What is the units digit of 30434400?
0
What is the ten thousands digit of 511674432?
7
What is the ten millions digit of 14950603?
1
What is the units digit of 219340170?
0
What is the ten millions digit of 14315030?
1
What is the hundreds digit of 155271240?
2
What is the ten thousands digit of 61156668?
5
What is the ten thousands digit of 6259852586?
5
What is the millions digit of 71991816?
1
What is the thousands digit of 698865700?
5
What is the units digit of 154934500?
0
What is the units digit of 6182950511?
1
What is the hundred thousands digit of 28073041?
0
What is the hundred thousands digit of 3191998626?
9
What is the thousands digit of 98795198?
5
What is the billions digit of 2255524883?
2
What is the hundreds digit of 3747617512?
5
What is the units digit of 11962510?
0
What is the hundred millions digit of 3318371795?
3
What is the hundreds digit of 62093280?
2
What is the hundred thousands digit of 9782424?
7
What is the ten millions digit of 2729322650?
2
What is the thousands digit of 670155523?
5
What is the ten millions digit of 511645513?
1
What is the thousands digit of 3103896112?
6
What is the hundred thousands digit of 148555629?
5
What is the units digit of 188299455?
5
What is the units digit of 136849457?
7
What is the hundred thousands digit of 1283131308?
1
What is the ten millions digit of 12076717?
1
What is the ten millions digit of 531019553?
3
What is the units digit of 414485670?
0
What is the hundred millions digit of 619924258?
6
What is the units digit of 186794591?
1
What is the hundreds digit of 29942796?
7
What is the millions digit of 55003214?
5
What is the thousands digit of 17215545?
5
What is the hundred thousands digit of 1024341836?
3
What is the ten thousands digit of 392929207?
2
What is the ten millions digit of 140153176?
4
What is the ten thousands digit of 5445888729?
8
What is the hundred millions digit of 282135060?
2
What is the hundred millions digit of 1401332697?
4
What is the ten thousands digit of 21407077?
0
What is the millions digit of 62318060?
2
What is the hundreds digit of 478727515?
5
What is the millions digit of 330792085?
0
What is the tens digit of 14473293?
9
What is the billions digit of 1428197445?
1
What is the billions digit of 1728898735?
1
What is the hundred millions digit of 339793214?
3
What is the thousands digit of 1000561570?
1
What is the tens digit of 221121546?
4
What is the ten millions digit of 292073431?
9
What is the ten thousands digit of 886197404?
9
What is the hundred thousands digit of 917425952?
4
What is the hundreds digit of 1201352785?
7
What is the ten thousands digit of 8836697?
3
What is the ten millions digit of 2313880255?
1
What is the ten millions digit of 231829940?
3
What is the hundreds digit of 2101332217?
2
What is the tens digit of 5606848?
4
What is the hundred millions digit of 165257855?
1
What is the hundred thousands digit of 11821220?
8
What is the ten thousands digit of 31164194?
6
What is the thousands digit of 101521291?
1
What is the hundreds digit of 57087335?
3
What is the ten millions digit of 40592115?
4
What is the hundred thousands digit of 645620578?
6
What is the hundred thousands digit of 32752764?
7
What is the hundreds digit of 7545835668?
6
What is the millions digit of 1760168042?
0
What is the hundred thousands digit of 87533083?
5
What is the units digit of 1041990162?
2
What is the ten millions digit of 8711890543?
1
What is the ten thousands digit of 58764412?
6
What is the tens digit of 7031966034?
3
What is the units digit of 68291651?
1
What is the thousands digit of 83627104?
7
What is the ten millions digit of 3778258970?
7
What is the ten thousands digit of 6178578372?
7
What is the ten thousands digit of 3890578603?
7
What is the ten thousands digit of 552142542?
4
What is the hundred millions digit of 3636852592?
6
What is the hundreds digit of 52844222?
2
What is the hundred millions digit of 864228226?
8
Wha